42*h + 9005 - 2129 + 1440. What is the greatest common divisor of 234 and h?
18
Suppose -4 = -m, -2*w + 3*m - 4 - 4 = 0. Suppose -w*b = 4*y - 5*b - 333, 4*b = -y + 88. What is the greatest common factor of 36 and y?
12
Let h be (-2 - 1)/((-15)/350). Let p be (1205/964)/((-10)/(-72)) - -33. What is the highest common divisor of p and h?
14
Let p(t) = -t**3 + 14*t**2 + 17*t - 13. Let l = 45 - -26. Let u = 86 - l. Let g be p(u). What is the greatest common factor of g and 17?
17
Let v = -4041 + 4121. Calculate the highest common divisor of 170 and v.
10
Suppose -5*l - 2*r - 2*r + 425 = 0, -170 = -2*l + r. Suppose -4*h = 4*x - 5*h - 169, h + l = 2*x. What is the highest common factor of 147 and x?
21
Let b(x) = -2*x**3 + 94*x**2 + 82*x - 1326. Let o be b(47). What is the highest common factor of o and 158?
158
Let d be (-484)/(-6) - (-2)/(-3). Let i(m) = -71*m - 464. Let q be i(-7). Let u = 15 + q. Calculate the greatest common factor of u and d.
16
Let z = -634 + 619. Let f(y) = -2*y**2 - 31*y - 1. Let x be f(z). Calculate the highest common divisor of 98 and x.
14
Suppose 9153 = -1658*p + 1685*p. What is the greatest common factor of 2825 and p?
113
Let h = -7701 - -7739. What is the greatest common factor of h and 30286?
38
Let d = 68 - 50. Calculate the highest common factor of d and 5994.
18
Let b be (9 - 6 - 7 - 4)*-3*6. Calculate the greatest common factor of b and 531.
9
Let g(h) = h - 6. Let b be g(9). Suppose 2*d = -n - 26 + 152, d = b. What is the greatest common divisor of 160 and n?
40
Suppose 4*x + 37 = 29. Let f be ((6 - 4) + -1)/(x/(-34)). Let b = f - 6. Calculate the greatest common factor of b and 44.
11
Suppose 0 = -23*q - 12*q + 28*q + 168. What is the highest common factor of 9780 and q?
12
Suppose 0 = -w - 3*w, -2*z - 5*w - 338 = 0. Let s = z + 183. What is the highest common factor of 49 and s?
7
Let d = 0 - -3. Suppose -5*k + d = -2. Suppose 5*y - l = 54, -5*y - 5*l + 87 - 27 = 0. What is the highest common divisor of y and k?
1
Let x(d) = 4*d**2 + 22*d - 6. Let w be (-7)/(-1)*(-66)/77. Let l be x(w). Let t be 23 + (-1 - l - -4). What is the greatest common factor of 60 and t?
20
Suppose -25581 = -48*g + 11619. Let k = -751 + g. Let j = -74 + 110. Calculate the highest common divisor of k and j.
12
Let o = -18380 + 21428. What is the greatest common divisor of 24 and o?
24
Suppose 2802 + 4056 = 2*q. What is the greatest common factor of 27 and q?
27
Suppose 4*r + 4*h - 2764 = 0, 5*h + 2185 + 597 = 4*r. What is the highest common divisor of r and 252?
63
Let f = -672 - -694. Let w be (-4736)/(-88) - ((-4)/f + 0). What is the highest common divisor of w and 66?
6
Let b(g) = -2*g + 295. Let j be b(68). What is the highest common divisor of 1802 and j?
53
Suppose 440 = -5*b - 1285. Let d = -90 - b. What is the highest common factor of d and 17?
17
Suppose 0 = -16*f + 12*f + 1188. Let u = -255 + f. What is the greatest common divisor of u and 18?
6
Suppose 0 = -4*d - 891 - 601. Let l = -218 - d. Suppose 4*q - 193 = c + 51, 0 = 4*c - 16. Calculate the highest common divisor of l and q.
31
Suppose -3*l = -4*t + 339, -7*t = -3*t + 5*l - 331. Suppose 18*q - t = 12*q. Let c be 225/2 + (-3)/6. Calculate the highest common divisor of q and c.
14
Let h = 9203 + -8592. What is the greatest common factor of h and 13?
13
Suppose -6*c = -3*c - 9. Suppose l = y + c, y - 22 = -0*y - 4*l. Suppose -2*a = -8*n + 7*n, -2*n + 6 = 2*a. What is the greatest common divisor of y and n?
2
Let n(y) = -y**3 + 7*y**2 + 9*y + 2. Let i be n(7). Suppose -3*k = -18*k + 780. Suppose 7*h = k + 130. What is the greatest common factor of h and i?
13
Let h = 890 - 984. Let v = 20 - 30. Let p = v - h. What is the greatest common factor of 56 and p?
28
Let v(b) = b**2 - 1256. Let q be v(36). Calculate the greatest common divisor of q and 110.
10
Suppose -12 = 4*f - 108. Suppose 5029 = 30*p + 2253 - 824. What is the highest common factor of p and f?
24
Suppose -3*n + 9 = 3. Suppose -5*k + 215 = 5*x, n*k = k - 3*x + 47. What is the greatest common factor of k and 287?
41
Let b be (-2)/4*32/(-4). Suppose -5*x + 6*x - 8 = -2*h, 0 = -3*x + 4*h + b. What is the greatest common divisor of x and 50?
2
Suppose 7308 = -63*f + 105*f. Calculate the greatest common divisor of 1653 and f.
87
Suppose -5*h = 3*u - 29, u - 24 = -3*h - 3*u. Let l = 50 + -31. Suppose -l = -3*q - h. What is the greatest common divisor of q and 35?
5
Suppose -3*q = 2*h - 8*q - 144, -h - q = -72. Let p be 81/(-12)*(6/3 + -10). Calculate the highest common factor of p and h.
18
Let m = 21 - 10. Suppose -26*b - 28 = -40*b. Suppose 0 = -4*c + 12, w + 21 = b*w - 4*c. Calculate the highest common divisor of w and m.
11
Let q be (-2)/6 + (-1864)/6. Let b = q + 550. Suppose -t + 4*a - 292 = -6*t, b = 4*t + 5*a. Calculate the highest common factor of t and 14.
14
Let a = 224 - 4. Let c(g) = -g**3 + 103*g**2 - 120*g + 1880. Let r be c(102). Calculate the highest common factor of r and a.
44
Let b = 608 + -727. Let r = 112 - b. Suppose 2*p + p + 108 = 5*u, 5*p - 58 = -3*u. What is the greatest common factor of u and r?
21
Let j(s) = s**3 + 6*s**2 - 7*s. Let d be j(-7). Suppose d = b - 2. Suppose -3*z = 2*w - 6 - 1, -2 = -2*z. What is the greatest common divisor of w and b?
2
Suppose -b = -6*b + 75. Let v = -11 - b. Let o = v + 38. Calculate the highest common factor of o and 72.
12
Let x(z) be the third derivative of -z**4/3 + 79*z**3/3 + 3*z**2 + 31*z. Let h be x(15). What is the highest common factor of 19 and h?
19
Suppose 0 = 66*v - 33*v - 297. Suppose -g + j + 581 = 0, 6*j - v = 3*j. Calculate the highest common factor of 8 and g.
8
Let v(m) = m**2 + 8*m + 2. Let x be 7/(70/(-95)) - (-3)/2. Let s be v(x). Calculate the greatest common divisor of s and 86.
2
Suppose -5*s - 2 + 12 = -w, 5*w + 10 = 5*s. Let o be -7 - ((-1 - w) + 3). Let d be (-5 - (-4 - -3))*o. What is the greatest common factor of 9 and d?
9
Suppose -5*g = 4*f - 61, 3*f + 10*g - 15*g = 2. Calculate the highest common divisor of 69 and f.
3
Let g(p) = -2*p**2 + 2*p + 38. Let c(l) = -6*l + 18. Let x be c(3). Let f be g(x). What is the greatest common factor of 304 and f?
38
Let y(m) = m + 4. Let a(d) = -d - 159. Let g(o) = -a(o) + 3*y(o). Let x be g(15). What is the highest common divisor of x and 33?
33
Let r = 6 - -60. Let j(w) = 13*w**2 - 1656*w + 745. Let i be j(127). What is the highest common divisor of i and r?
22
Let v = 3318 - 3304. Suppose 0 = -7*r + 2*r + 175. Calculate the greatest common divisor of v and r.
7
Let i be -4 + 4 + 2/(-3)*-3. Let h be i/(-5) - 26/10. Let y be 48/3 - 1/(-3)*h. Calculate the highest common divisor of y and 165.
15
Suppose -2*k + 0*k = -4. Let s = -153 + 159. Suppose -3*y = -s, k*m + 0*y - 62 = -y. What is the highest common factor of 12 and m?
6
Suppose 0 = -3*x + 5*x - 16. Let o = -523 + 977. Let w = o - 390. What is the greatest common factor of w and x?
8
Suppose 3*p - 842 = 5*l, 797 = 4*p + 2*l - 343. What is the highest common factor of 38908 and p?
284
Suppose 261 = 4*g - 151. Let q = -63 + 103. Let k = g - q. Calculate the greatest common factor of 42 and k.
21
Let b = 14321 + -14267. Calculate the highest common divisor of b and 2529.
9
Let k(u) = -4*u. Let n be k(-1). Suppose -2*o = -n*o + 10. Let p be -4 + (-5)/(o/(-58)). Calculate the greatest common factor of p and 18.
18
Suppose 0 = -54*n + 2*n + 624. What is the highest common divisor of n and 1572?
12
Let m = 1828 - 1826. Calculate the highest common divisor of m and 17.
1
Let u = -52 - -128. Let w(i) = -i**3 + 7*i**2 + i - 8. Let c be w(8). Let s = c + 83. Calculate the greatest common divisor of u and s.
19
Let z be (-9018)/(-10) - (-1 + 2) - 284/(-1420). Calculate the highest common factor of 51 and z.
17
Let l be (1 - 3)*(-21 - 1). Let q = l - 33. Let t = 110 + -66. Calculate the highest common divisor of q and t.
11
Suppose -2*b = i - 763, 19*i - 16*i = -5*b + 1905. Calculate the highest common factor of b and 144.
48
Let a(z) = -1070*z - 10696. Let r be a(-10). What is the highest common divisor of r and 7988?
4
Let c = 2 - 2. Suppose 0 = 4*r - c*r - 12. Suppose 14*v = -3*f + 16*v - 3, 1 = 4*f - v. Calculate the highest common factor of f and r.
1
Let m(v) = 8*v + 6. Let l be m(7). Let o(q) = 165*q - 113. Let r be o(2). What is the